7 prime?
True
Is 608423 prime?
True
Is 2806561 composite?
True
Is 211214015 a composite number?
True
Is 7213601 a prime number?
True
Is 55148921 prime?
True
Is 1259 a prime number?
True
Is 1647515 a composite number?
True
Is 5424869 a composite number?
False
Is 886007 a composite number?
False
Is 140702101 a prime number?
True
Is 74747 prime?
True
Is 22551383 composite?
False
Is 4729033 a composite number?
False
Is 1260767 composite?
False
Is 13964806 a composite number?
True
Is 16878437 prime?
True
Is 15074621 a composite number?
True
Is 483671857 composite?
True
Is 34157647 a composite number?
True
Is 1781887 a prime number?
False
Is 43200181 a prime number?
True
Is 617509 prime?
True
Is 51697 a composite number?
True
Is 37474279 a prime number?
True
Is 973631 a composite number?
False
Is 22887473 prime?
False
Is 11401231 prime?
True
Is 258161 a composite number?
False
Is 3486223 a prime number?
False
Is 263316149 composite?
False
Is 18560303 a prime number?
True
Is 450493 prime?
True
Is 131472569 composite?
True
Is 513559 a prime number?
False
Is 605646917 composite?
False
Is 928105 a prime number?
False
Is 2652644693 a prime number?
True
Is 5229949 a composite number?
True
Is 3470689 composite?
False
Is 32883391 a prime number?
True
Is 13217054 a composite number?
True
Is 30980357 a prime number?
True
Is 1564657 a composite number?
False
Is 14946019 composite?
True
Is 10595213 a composite number?
True
Is 19873079 prime?
True
Is 17575529 a prime number?
True
Is 3261721 composite?
False
Is 10807129 composite?
False
Is 1347403 a composite number?
True
Is 3022339 a composite number?
False
Is 30787511 a prime number?
True
Is 603233 a composite number?
True
Is 331577 a composite number?
False
Is 1266359 a prime number?
True
Is 34584701 a prime number?
False
Is 1668679 a composite number?
False
Is 16948313 composite?
False
Is 2889203 composite?
True
Is 8642713 composite?
True
Is 1265249 composite?
False
Is 19666531 prime?
True
Is 1717373 composite?
True
Is 26084167 composite?
False
Is 24905135 prime?
False
Is 21612037 a composite number?
False
Is 1122499 a composite number?
True
Is 2392421 a composite number?
False
Is 781890311 composite?
False
Is 26230751 prime?
False
Is 29622473 prime?
True
Is 3494173 composite?
False
Is 3410353 prime?
False
Is 760021 a prime number?
False
Is 85737979 composite?
False
Is 44062141 a composite number?
False
Is 54122687 a composite number?
False
Is 68741303 prime?
True
Is 7018653 composite?
True
Is 17295169 a composite number?
True
Is 772691 a prime number?
True
Is 207617 a prime number?
False
Is 426360631 prime?
True
Is 35107445 prime?
False
Is 2749687 a composite number?
False
Is 46247393 a prime number?
True
Is 15059747 prime?
True
Is 5667707 prime?
False
Is 1236751 a composite number?
False
Is 1089505 composite?
True
Is 61033883 composite?
True
Is 68152529 a prime number?
True
Is 36466498 a prime number?
False
Is 1315544739 prime?
False
Is 5706529 a composite number?
False
Is 2105549 a composite number?
False
Is 45951461 a prime number?
False
Is 8263963 a prime number?
False
Is 10601513 a composite number?
True
Is 1364273 composite?
True
Is 420919 composite?
False
Is 1340281 a prime number?
True
Is 1822091 prime?
True
Is 59541121 a composite number?
False
Is 36865121 a composite number?
False
Is 16146649 a prime number?
False
Is 298848827 composite?
False
Is 13940723 composite?
True
Is 68264267 prime?
True
Is 56249 prime?
True
Is 45636501 a composite number?
True
Is 2560811 composite?
True
Is 452551 composite?
True
Is 747897959 a composite number?
False
Is 81145619 a composite number?
True
Is 7136537 prime?
True
Is 12488659 composite?
True
Is 64542353 prime?
False
Is 11280349 prime?
False
Is 40384739 prime?
True
Is 79906699 prime?
False
Is 136134527 a prime number?
False
Is 2163921 composite?
True
Is 442139 composite?
False
Is 1805261 a composite number?
False
Is 2391869 composite?
True
Is 231779 prime?
True
Is 2570839 prime?
False
Is 628583 prime?
True
Is 14859487 a prime number?
True
Is 49989089 prime?
False
Is 9160549 prime?
False
Is 210098857 prime?
True
Is 162234637 a composite number?
True
Is 16260389 a prime number?
False
Is 488071691 composite?
False
Is 2783883 composite?
True
Is 28454747 composite?
True
Is 56263591 prime?
False
Is 123135427 composite?
False
Is 2620951 a prime number?
True
Is 18122467 a composite number?
True
Is 1100773 a composite number?
False
Is 12460769 prime?
True
Is 18439207 a composite number?
False
Is 33082871 composite?
True
Is 10062509 a prime number?
False
Is 1720801 composite?
True
Is 32955311 a composite number?
True
Is 63672879 composite?
True
Is 323243 a composite number?
False
Is 35664439 prime?
False
Is 350093 composite?
False
Is 23324581 a composite number?
True
Is 21894211 prime?
True
Is 127224649 a prime number?
False
Is 853343 prime?
False
Is 171676093 composite?
False
Is 2789963 a composite number?
True
Is 9684907 prime?
True
Is 46880195 a composite number?
True
Is 2859047 a prime number?
True
Is 62955617 a prime number?
True
Is 20009347 prime?
True
Is 36034666 a prime number?
False
Is 21768113 composite?
False
Is 73216439 a composite number?
False
Is 1976831 a prime number?
True
Is 291817 a prime number?
True
Is 1886611 composite?
False
Is 37541551 composite?
False
Is 414775869 a composite number?
True
Is 7410647 prime?
True
Is 26899091 a composite number?
False
Is 104875949 prime?
True
Is 4860097 prime?
False
Is 329177 a composite number?
False
Is 5243515 composite?
True
Is 199103 prime?
True
Is 4910197 prime?
False
Is 19154923 a composite number?
False
Is 23839671 a prime number?
False
Is 53553083 a composite number?
False
Is 440866961 composite?
True
Is 6971959 a prime number?
True
Is 4462985 a composite number?
True
Is 151205965 composite?
True
Is 120957301 prime?
True
Is 184575233 a prime number?
False
Is 1606733 a composite number?
False
Is 252708887 a prime number?
True
Is 33246049 a composite number?
False
Is 26757571 a prime number?
True
Is 76051759 composite?
True
Is 35335487 a composite number?
True
Is 374051 composite?
True
Is 3901397 prime?
True
Is 802343585 a composite number?
True
Is 57615449 a prime number?
False
Is 31424123 prime?
False
Is 103597597 composite?
False
Is 74747 a composite number?
False
Is 523189 composite?
True
Is 117465247 composite?
False
Is 325677361 a composite number?
False
Is 426818209 a prime number?
False
Is 464359 a prime number?
False
Is 17560069 prime?
True
Is 1562585 a prime number?
False
Is 8060523 prime?
False
Is 69211367 a composite number?
False
Is 23319262 prime?
False
Is 321840587 prime?
False
Is 174683 a prime number?
False
Is 381709 prime?
False
Is 4242019 prime?
True
Is 2251363877 composite?
True
Is 51828989 a prime number?
False
Is 14614841 a composite number?
False
Is 7443329 prime?
False
Is 52000829 prime?
True
Is 48619751 a composite number?
True
Is 18750297 a prime number?
False
Is 13634893 a prime number?
False
Is 45410635 composite?
True
Is 977240741 prime?
True
Is 15095833 prime?
False
Is 6562627 composite?
True
Is 1976161 composite?
True
Is 27964019 composite?
True
Is 2297701 a composite number?
True
Is 2964151 a composite number?
False
Is 5293177 a composite number?
False
Is 3908703 prime?
False
Is 56799053 prime?
True
Is 53879083 a composite number?
False
Is 98137579 a composite number?
True
Is 1972169 prime?
True
Is 2137133 a composite number?
False
Is 93460127 composite?
True
Is 27246577 prime?
True
Is 52157041 composite?
True
Is 127036309 a prime number?
True
Is 69611361 composite?
True
Is 49174651 a prime number?
True
Is 31843667 a composite number?
False
Is 250648699 prime?
False
Is 14206979 a prime number?
False
Is 8838727 a prime number?
True
Is 206251921 composite?
False
Is 248743 prime?
False
Is 171598289 a composite number?
True
Is 1452541 composite?
False
Is 544816879 a composite number?
True
Is 850978 a prime number?
False
Is 4426657 a composite number?
True
Is 4771121 a prime number?
True
Is 133812709 a composite number?
True
Is 3687869 a prime number?
True
Is 85096141 a composite number?
True
Is 150221033 composite?
True
Is 92521738 a composite number?
True
Is 50331571 prime?
True
Is 2913863 composite?
False
Is 1015981 prime?
True
Is 1712383 prime?
True
Is 3697291 a composite numbe